Let i be u(4). Suppose 2*k = -2*v + 7*k + 54, 0 = -2*v - 4*k + 72. Let n = v - i. Let t(a) = 2*a**3 + a**2 + a. Give t(n).
-2
Let g(h) = h**2 + 23*h - 18. Let b(y) = -2*y**2 - 45*y + 36. Let m(t) = 6*b(t) + 11*g(t). Give m(-18).
0
Suppose 17*j = 12*j + 2*y + 25, -5*j - 3*y = 0. Let h(l) be the first derivative of l**4/4 - l**3 + l**2 + 2*l + 1. Determine h(j).
8
Let h(j) = j**2 + 7*j. Let l be h(-8). Suppose 0 = -3*s, -3*t = -l*t + 3*s + 10. Let g(i) = -2*i + 3*i - t*i**3 - 4*i**3. What is g(1)?
-5
Let g(n) = -n**3 - 5*n**2 - 5*n - 2. Let h(f) = -f**3 - 7*f**2 - 6*f - 3. Let r be h(-6). Let u be g(r). Let j(a) = -a. What is j(u)?
5
Let k = 216 - 124. Let q be 3/(-9) + k/(-12). Let g(w) = w**3 + 8*w**2 + 2*w - 1. What is g(q)?
-17
Suppose 2*q - 4*y - 8 = 0, -58*y + 56*y - 4 = -2*q. Let t(d) = -2*d**3 - 10 + d**2 + d**3 - 2*d**2. Calculate t(q).
-10
Let r be 7/(-7)*(0 - 1). Let l = 8 + r. Let s be 2*l/(-12)*2. Let n(h) = 3*h + 1. Give n(s).
-8
Let o(a) = a**2 + 11*a + 11. Suppose 0 = 3*t - g - 5 - 39, -2*t + 27 = -3*g. Let d be (8/20 - 21/t) + -7. Calculate o(d).
-13
Let w be ((-3)/6)/((-478)/120 - -4). Let x = w - -27. Let j(d) = d**3 + 5*d**2 + 5*d + 4. Give j(x).
7
Let a(n) = -n**2 - 9*n - 1. Let d be a(-8). Let w(o) = 5*o + 8*o - 2 - 11*o. Determine w(d).
12
Let x(w) = -1376*w + 1 - 4 + 1373*w. Determine x(-2).
3
Let x(b) = b**3 - b**2 + 1. Let f(j) = 3*j**3 + j**2 - 7*j - 4. Let w(l) = -f(l) + 2*x(l). Give w(-4).
-6
Suppose 14*o - 3*v - 5 = 12*o, 20 = -5*o + v. Let h(b) = b**2 + 4*b - 4. Calculate h(o).
1
Let i(d) = 120 + 47*d - 11*d - 59 + 21*d**2 + 2*d - 55 + d**3. Give i(-19).
6
Suppose q = 3*d - 7 + 9, q = 5*d. Let c(b) = -3*b**2 + 11*b + 5. Give c(q).
-15
Let l(y) = -11*y + 30*y - 13*y + 21 - 8*y. Determine l(9).
3
Let p(h) be the first derivative of -7*h**2/2 - 2*h + 205. What is p(1)?
-9
Let b(o) = 21 + o + 21 + 11 - 63 + 15. Suppose -3*z + 24 = -3*x, z = 3*z - 3*x - 20. Calculate b(z).
9
Let b(x) = -x + 11. Let f = -111 - -117. What is b(f)?
5
Let p(r) = -34*r**2 - 13*r - 32. Let d(m) = -23*m**2 - 9*m - 23. Let l(y) = 7*d(y) - 5*p(y). Calculate l(1).
10
Let o(m) = -m**2 + 2*m + 48. Let f be o(-6). Let p(t) = -t**2 + t - 14. Give p(f).
-14
Let w(u) be the first derivative of -u**4/4 - 4*u**3/3 - 5*u**2/2 - 4*u + 251. Let a = 3 - 6. Determine w(a).
2
Let i(s) = -21*s + 21. Suppose 3*f + 5 = -10. Let p(n) = 6*n - 6. Let x(m) = f*i(m) - 18*p(m). What is x(-3)?
12
Let b(g) = g**3 - 4*g**2 - 5*g - 3. Let q(r) = r - 1. Let n(i) = -b(i) - 3*q(i). Let v(f) = 20*f**2. Let x be v(1). Suppose 0*k + 4*k - x = 0. Calculate n(k).
-9
Let j(m) = m**2 + m + 10. Let x = -30 - -26. Let p(a) = a**2 + 2*a - 8. Let s be p(x). Give j(s).
10
Let q(r) = 68*r - 396. Let d be q(6). Let i(b) = -b + 8. What is i(d)?
-4
Let q(g) = -3*g**3 - 66*g**2 - 16*g - 117. Let m(t) = -t**3 - 22*t**2 - 5*t - 39. Let l(p) = 10*m(p) - 3*q(p). Give l(-22).
5
Let y(o) = o - 62 + 117 - 64. Suppose 0 = -2*c - 3*k + 14, -3*k = -3*c + 2*c + 7. Determine y(c).
-2
Let v(k) = -124 + 4*k - 3*k + 186 - 60. Let a = -12 - -4. Determine v(a).
-6
Let b(k) = 4*k - 16. Let l be 96/40*10/(-4)*-1. Determine b(l).
8
Suppose 0 = -4*d - 2*o + 25 - 9, 5*d + o = 17. Let x(z) = -5*z - 11 + 3*z - 2*z + d*z. Determine x(0).
-11
Let x be ((-2)/(-3))/(6/(-9)). Let i be x - -1*(-12)/(-4). Let u(o) = -5 - o**i - 6*o + 0*o**2 + 5*o - 5*o. Give u(-6).
-5
Let w(m) = m**3 + m**2 + m + 12. Let x be 29 + (3/1)/3. Let q be (-8)/(-12) - x/(-9). Suppose 2*h = 3*y - 2*h - 12, 5*h = q*y - 15. Give w(y).
12
Suppose 365 - 149 = 24*i. Let a(y) = y**3 - 8*y**2 - 9*y + 8. Give a(i).
8
Let h(k) = -k - 3. Let i(y) = y + 15. Let f(n) = 2*h(n) + i(n). Calculate f(-9).
18
Let h(i) be the first derivative of i**4/12 - i**3/6 + i**2/2 - 25*i + 12. Let c(b) be the first derivative of h(b). Suppose 5*j = -0*j. Determine c(j).
1
Let u(m) = -m + 2. Let h = 39 + -39. Suppose 5*o + 14 + 21 = h. Calculate u(o).
9
Let t(q) = q. Let k(j) = -j. Let o(h) = 5*k(h) + 4*t(h). Let p(l) = -2*l - 11. Let s(v) = -3*o(v) + p(v). Let g = 80 + -75. Give s(g).
-6
Let s(d) = -7*d + 1. Suppose 13*h + 508 = 521. What is s(h)?
-6
Let i(n) = -4*n + 11*n - 20 - 13*n + 9 - 8*n**2 + n**3. What is i(9)?
16
Let q(v) be the second derivative of -v**5/120 + v**4/12 - 5*v**3/2 + 23*v. Let p(y) be the second derivative of q(y). What is p(-7)?
9
Let v(j) = -21*j - 126. Let q be v(-6). Let h(o) = -o - 6. What is h(q)?
-6
Let g(x) = 16*x - 2. Let f be (55 + -10)/9 + (-5 - -2). What is g(f)?
30
Let f be (-2 + 2)/(2/(-1)). Suppose -3*v + f*v = 0. Let l(y) be the second derivative of y**4/12 - 7*y**2/2 + 13*y. What is l(v)?
-7
Let k(j) = j**3 + 5*j**2 - 10*j - 8. Let x be k(-6). Suppose -13*d + 11*d - x = 0. Let c(i) = 2*i + 2. What is c(d)?
-14
Let h = -19 + 59. Let l = 46 - h. Let v(z) = -2*z + 25. Let m(y) = y - 12. Let x(r) = 9*m(r) + 4*v(r). What is x(l)?
-2
Let i(r) = r**3 - 4*r**2 + 3*r - 1. Let b be 1102/18 + 16/(-72) + 1. Let n = b - 60. Give i(n).
-3
Let t(c) = c**3 - c**2 + c - 16. Let m = -95 - -66. Let s = m + 29. Give t(s).
-16
Let d(a) = a**2 - a + 4. Let b be 1/((-93)/47 + 2). Let i = b - 47. Give d(i).
4
Suppose -n - 2 = -4. Let g(d) = 3*d + 3 - 8*d - d - 3*d + 5*d. Calculate g(n).
-5
Suppose 16*o = -213 + 581. Suppose -o + 47 = 4*h. Let i(p) = -4*p + 9. What is i(h)?
-15
Let o(l) be the first derivative of l**4/4 - 5*l**3 + 15*l - 617. What is o(15)?
15
Let v(z) be the first derivative of z**4/12 - z**3 + 3*z**2/2 + 4*z + 24. Let l(t) be the first derivative of v(t). Let o = 1 - -3. What is l(o)?
-5
Suppose 0 = 3*k - 3, 3*x - 7 = -6*k + 2*k. Let a be (3 + -4)/(x/(-8)). Let u(y) = -y**3 + 9*y**2 - 8*y + 8. Calculate u(a).
8
Let h(o) = o**3 - o**2 - 4*o - 3. Suppose 14 + 4 = -9*j. What is h(j)?
-7
Suppose -3*y = -2*y - 9. Let i = y - 12. Let o(s) = s**2 + s + 2*s + 1 - 2*s. Determine o(i).
7
Let l(m) = m**2 + 2*m + 3. Let p = -4 - -23. Suppose 2 + p = 3*u. Suppose -u*x + 6*x - 2 = 0. Calculate l(x).
3
Suppose 11*r = 8*r + 42. Let v = r - 12. Let f(c) = 2*c - 4 - v - 3*c. Calculate f(-6).
0
Let j(i) = i**3 + 3*i**2 + 4. Let z(w) = w - 1. Let l be z(-3). Let u be 1/(-4) - 25/l. Suppose 0 = 2*o + 5*a + 16, -u*o + a = -2*o + 10. Calculate j(o).
4
Let w(j) = -2*j - 1. Let x(a) = -a**3 - 25*a**2 + a + 27. Let u be x(-25). Let p be 15/(-6)*(0/u - -2). Determine w(p).
9
Let b = -7 + 6. Let s(k) be the second derivative of -k**5/20 - k**4/24 + 3*k**2/2 + k. Let f(j) be the first derivative of s(j). Calculate f(b).
-2
Let y(v) = 493 + 8*v**2 - 3*v**2 - v + 499 + 2*v**2 - 993. Determine y(-1).
7
Suppose 21 = 3*d + 4*d. Let r(v) = -v**3 + 5*v**2 - 3*v. Give r(d).
9
Suppose 2*b + 3*b + 5 = 2*y, b = y - 4. Suppose -3*u + h = 2*u - 6, 0 = -y*u + 2*h + 2. Let n(i) = 3 - 4 - i**3 + 2*i**2 - 1. Give n(u).
-2
Let d(q) = 3*q - 4. Let v = 356 - 357. Determine d(v).
-7
Suppose -s - 31 = -4*s + 5*o, 5*o = -5*s - 15. Let x(m) = 3*m - s + 0 + 0 - 2*m**2. What is x(3)?
-11
Let v(k) = 0*k**2 + 0*k**2 + 329*k + 10*k**3 - 331*k + 0*k**2 + k**2. Determine v(1).
9
Let x(v) be the third derivative of v**6/120 - 2*v**5/15 + v**4/12 + 3*v**3/2 + 213*v**2. Determine x(8).
25
Let q(a) = -2*a - 5. Suppose 0 = -2*g + 3*b - 5*b - 2, -5*g + 15 = b. Suppose -12*t = -11*t + g. Give q(t).
3
Let b(l) = l**2 + 1. Suppose 0 = 4*v - 6 + 18. Let x = 1 + v. Give b(x).
5
Let z(p) = -p + 1. Let t be z(-7). Let s(h) = -8 + t + 5*h - h - 1. Determine s(2).
7
Let l(u) = u**3 + 4*u**2 - 4*u + 4. Suppose -151*b + 140*b - 44 = 0. Calculate l(b).
20
Let i be 1 - 0 - (-4 - -3). Suppose -2*a + 2 + i = 0. Let p(r) = 2*r**2 + r**2 - 5*r**3 + a*r**3 + 2*r**3 - 2*r. What is p(3)?
-6
Let v(c) = -c**2 + 3*c - 10. Suppose 938*s + 112 = 952*s. What is v(s)?
-50
Let a be (-1)/(0 - (-1)/(-19)). Let l = -198 + 217. Let z = a - l. Let f(m) = -m**3 - m**2 - m - 7. Calculate f(z).
-7
Suppose -12*h + 8*h + 12 = 0. Let d(f) = -f**2 + h + 4*f - 4 + 3*f. What is d(7)?
-1
Let t(r) = r**2 + 6*r - 4. Let z = -47 + 65. Suppose 17*y - 5 = z*y. Give t(y).
-9
Let t(o) = -2*o - 3. Suppose -2*p - 5*f + 251 = 0, -3*f + 130 + 351 = 4*p. Let y be -1 - 3/(6/p). Let a be (-10)/4*y/50. Determine t(a).
-9
Let v(i) = -2*i**2 - 2*i - 1. Let k = -896 + 899. Give v(k).
-25
Let r(g) = -g**2 + 6*g - 2. Let h(d) = d**2 - 10*d + 3. Let j be h(10). Su